{"id":3077,"date":"2024-10-16T17:58:27","date_gmt":"2024-10-16T15:58:27","guid":{"rendered":"https:\/\/zsswitnica.pl\/zss\/?page_id=3077"},"modified":"2024-10-16T18:35:32","modified_gmt":"2024-10-16T16:35:32","slug":"rekrutacja-do-projektu","status":"publish","type":"page","link":"https:\/\/zsswitnica.pl\/zss\/rekrutacja-do-projektu\/","title":{"rendered":"Rekrutacja do projektu"},"content":{"rendered":"<p>[et_pb_section fb_built=&#8221;1&#8243; _builder_version=&#8221;4.9.0&#8243; _module_preset=&#8221;default&#8221;][et_pb_row _builder_version=&#8221;4.9.0&#8243; _module_preset=&#8221;default&#8221; min_height=&#8221;129px&#8221;][et_pb_column type=&#8221;4_4&#8243; _builder_version=&#8221;4.9.0&#8243; _module_preset=&#8221;default&#8221;][et_pb_image src=&#8221;https:\/\/zsswitnica.pl\/zss\/wp-content\/uploads\/2024\/10\/pasek.jpg&#8221; title_text=&#8221;pasek&#8221; _builder_version=&#8221;4.9.0&#8243; _module_preset=&#8221;default&#8221; custom_padding=&#8221;0px|||||&#8221;][\/et_pb_image][\/et_pb_column][\/et_pb_row][et_pb_row _builder_version=&#8221;4.9.0&#8243; _module_preset=&#8221;default&#8221; custom_padding=&#8221;|||16px||&#8221;][et_pb_column type=&#8221;4_4&#8243; _builder_version=&#8221;4.9.0&#8243; _module_preset=&#8221;default&#8221;][et_pb_text _builder_version=&#8221;4.9.0&#8243; _module_preset=&#8221;default&#8221; custom_padding=&#8221;0px|||||&#8221; hover_enabled=&#8221;0&#8243; sticky_enabled=&#8221;0&#8243;]<\/p>\n<p style=\"text-align: justify;\">Rekrutacja do projektu pn.<em>\u00a0 \u201eSpecjalista na rynku pracy \u2013 efektywny system formalnego kszta\u0142cenia zawodowego\u201d\u00a0<\/em>prowadzona b\u0119dzie w\u015br\u00f3d uczni\u00f3w i nauczycieli praktycznej nauki zawodu z Technikum i Bran\u017cowej Szko\u0142y I Stopnia w Zespole Szk\u00f3\u0142 Samorz\u0105dowych w Witnicy i\u00a0<strong>rozpocznie si\u0119 18 pa\u017adziernika 2024 r. o godz. 8:00, a zako\u0144czy 25 pa\u017adziernika 2024 r.<\/strong>\u00a0<strong>o godz. 14:00.<\/strong><\/p>\n<p>&nbsp;<\/p>\n<p><strong>Warunki udzia\u0142u w projekcie:<\/strong><\/p>\n<p>Uczestnikiem\/Uczestniczk\u0105 \u00a0Projektu mo\u017ce by\u0107 osoba, kt\u00f3ra OBLIGATORYJNIE spe\u0142nia \u0142\u0105cznie wymienione kryteria:<\/p>\n<p>&nbsp;<\/p>\n<ul>\n<li>jest uczniem\/uczennic\u0105 Technikum i Bran\u017cowej Szko\u0142y I stopnia w Zespole Szk\u00f3\u0142 Samorz\u0105dowych w Witnicy lub jest nauczycielem przedmiot\u00f3w zawodowych w Zespole Szk\u00f3\u0142 Samorz\u0105dowych w Witnicy,<\/li>\n<li>z\u0142o\u017cy\u0142a w terminie komplet poprawnie wype\u0142nionych dokument\u00f3w rekrutacyjnych.<\/li>\n<\/ul>\n<p>&nbsp;<\/p>\n<p><strong>Zasady rekrutacji:<\/strong><\/p>\n<p>Projekt jest otwarty dla wszystkich uczni\u00f3w\/uczennic i nauczycieli\/nauczycielek kszta\u0142cenia zawodowego szk\u00f3\u0142 obj\u0119tych projektem, bez wzgl\u0119du na ras\u0119, kolor sk\u00f3ry i\u00a0pochodzenie etniczne lub spo\u0142eczne (art. 21 Karty Praw Podstawowych Unii Europejskiej). Rekrutacja odb\u0119dzie si\u0119 zgodnie z zasad\u0105 r\u00f3wnych szans w dost\u0119pie do udzia\u0142u w formach wsparcia realizowanych w ramach Projektu. Projekt jest otwarty na udzia\u0142 wszystkich zainteresowanych uczestnik\u00f3w, nie b\u0119dzie dyskryminowa\u0142 \u017cadnych grup ze wzgl\u0119du na posiadane cechy. Rekrutacja prowadzona b\u0119dzie z poszanowaniem zasady r\u00f3wno\u015bci p\u0142ci i\u00a0niedyskryminacji, w tym r\u00f3wnego traktowania os\u00f3b LGBTIQ.<\/p>\n<p>&nbsp;<\/p>\n<p style=\"text-align: justify;\"><strong>WA\u017bNE:\u00a0<\/strong><strong>Ucze\u0144\/Uczennica przyst\u0119puj\u0105cy\/-a do rekrutacji przyjmuje do wiadomo\u015bci, \u017ce\u00a0zadanie\u00a0Doradztwo edukacyjno-zawodowe\u00a0(tj. 3h zaj\u0119\u0107 z doradc\u0105 zawodowym) jest integraln\u0105 cz\u0119\u015bci\u0105 wybranej przez niego \u015bcie\u017cki wsparcia\u00a0(sta\u017c uczniowski, kurs specjalistyczny podnosz\u0105cy kwalifikacje zawodowe lub wizyta studyjna) i po zakwalifikowaniu do Projektu\u00a0i wybranej przez siebie formy wsparcia zobowi\u0105zany b\u0119dzie do udzia\u0142u zar\u00f3wno w doradztwie zawodowym jak i w wybranym przez siebie zadaniu (sta\u017c uczniowski, kurs specjalistyczny podnosz\u0105cy kwalifikacje zawodowe lub wizyta studyjna).<\/strong><\/p>\n<p>&nbsp;<\/p>\n<p><strong>Punkty premiuj\u0105ce:<\/strong><\/p>\n<p>Podczas rekrutacji do projektu przyznane zostan\u0105 punkty premiuj\u0105ce za:<\/p>\n<p><span style=\"text-decoration: underline;\">dla uczni\u00f3w\/uczennic:<\/span><\/p>\n<p><strong>p\u0142e\u0107<\/strong> \u2013 kobieta +2 pkt.,<\/p>\n<ul>\n<li><strong>orzeczenie o niepe\u0142nosprawno\u015bc<\/strong>i +2 pkt.,<\/li>\n<li><strong>osoba z obszaru wiejskiego (zgodnie ze stopniem urbanizacji \u2013 DEBAGURA kategoria 3<\/strong>\u00a0+1 pkt.,<\/li>\n<li><strong>osoba z gospodarstwa domowego sk\u0142adaj\u0105cego si\u0119 z jednej osoby doros\u0142ej i dzieci pozostaj\u0105cych na utrzymaniu<\/strong> +1 pkt.,<\/li>\n<li><strong>osoba z rodziny, w kt\u00f3rej wyst\u0119puje: niepe\u0142nosprawno\u015b\u0107 i wielodzietno\u015b\u0107<\/strong> +1 pkt.<\/li>\n<\/ul>\n<p>&nbsp;<\/p>\n<p>W rekrutacji promowane b\u0119d\u0105 kobiety, jako odpowied\u017a na zidentyfikowane bariery r\u00f3wno\u015bciowe.<\/p>\n<p><span style=\"text-decoration: underline; font-size: 14px;\">dla nauczycieli\/nauczycielek:<\/span><\/p>\n<p><strong>osoba z obszaru wiejskiego (zgodnie ze stopniem urbanizacji \u2013 DEBAGURA kategoria 3<\/strong>\u00a0+1 pkt.,<\/p>\n<ul>\n<li><strong>osoba z gospodarstwa domowego sk\u0142adaj\u0105cego si\u0119 z jednej osoby doros\u0142ej i dzieci pozostaj\u0105cych na utrzymaniu<\/strong> +1 pkt.,<\/li>\n<li><strong>osoba z rodziny, w kt\u00f3rej wyst\u0119puje: niepe\u0142nosprawno\u015b\u0107 i wielodzietno\u015b\u0107<\/strong> +1 pkt.<\/li>\n<\/ul>\n<p>Szczeg\u00f3\u0142owe zasady rekrutacji oraz jej przebieg opisane zosta\u0142y w za\u0142\u0105czonym poni\u017cej\u00a0<em>Regulaminie rekrutacji i uczestnictwa w projekcie \u201eSpecjalista na rynku pracy \u2013 efektywny system formalnego kszta\u0142cenia zawodowego\u201d<\/em>.<\/p>\n<p><a href=\"https:\/\/zsswitnica.pl\/zss\/specjalista-na-rynku-pracy\/\"><span style=\"text-decoration: underline;\"><strong>Regulamin oraz dokumentacja rekrutacyjna<\/strong><\/span><\/a><\/p>\n<p>&nbsp;<\/p>\n<p>[\/et_pb_text][\/et_pb_column][\/et_pb_row][\/et_pb_section]<\/p>\n","protected":false},"excerpt":{"rendered":"<p>[et_pb_section fb_built=&#8221;1&#8243; _builder_version=&#8221;4.9.0&#8243; _module_preset=&#8221;default&#8221;][et_pb_row _builder_version=&#8221;4.9.0&#8243; _module_preset=&#8221;default&#8221; min_height=&#8221;129px&#8221;][et_pb_column type=&#8221;4_4&#8243; _builder_version=&#8221;4.9.0&#8243; _module_preset=&#8221;default&#8221;][et_pb_image src=&#8221;https:\/\/zsswitnica.pl\/zss\/wp-content\/uploads\/2024\/10\/pasek.jpg&#8221; title_text=&#8221;pasek&#8221; _builder_version=&#8221;4.9.0&#8243; _module_preset=&#8221;default&#8221; custom_padding=&#8221;0px|||||&#8221;][\/et_pb_image][\/et_pb_column][\/et_pb_row][et_pb_row _builder_version=&#8221;4.9.0&#8243; _module_preset=&#8221;default&#8221; custom_padding=&#8221;|||16px||&#8221;][et_pb_column type=&#8221;4_4&#8243; _builder_version=&#8221;4.9.0&#8243; _module_preset=&#8221;default&#8221;][et_pb_text _builder_version=&#8221;4.9.0&#8243; _module_preset=&#8221;default&#8221; custom_padding=&#8221;0px|||||&#8221; hover_enabled=&#8221;0&#8243; sticky_enabled=&#8221;0&#8243;] Rekrutacja do projektu pn.\u00a0 \u201eSpecjalista na rynku pracy \u2013 efektywny system formalnego kszta\u0142cenia zawodowego\u201d\u00a0prowadzona b\u0119dzie w\u015br\u00f3d uczni\u00f3w i nauczycieli praktycznej nauki zawodu z Technikum i Bran\u017cowej Szko\u0142y I Stopnia [&hellip;]<\/p>\n","protected":false},"author":5,"featured_media":0,"parent":0,"menu_order":0,"comment_status":"closed","ping_status":"closed","template":"","meta":{"_et_pb_use_builder":"on","_et_pb_old_content":"<!-- wp:divi\/layout -->\n<div class=\\\"wp-block-divi-layout\\\">[et_pb_section fb_built=\\\"1\\\" _builder_version=\\\"4.9.0\\\" _module_preset=\\\"default\\\"][\/et_pb_section]<\/div>\n<!-- \/wp:divi\/layout -->\n\n<!-- wp:divi\/layout -->\n<div class=\\\"wp-block-divi-layout\\\">[et_pb_section fb_built=\\\"1\\\" _builder_version=\\\"4.9.0\\\" _module_preset=\\\"default\\\"][et_pb_row _builder_version=\\\"4.9.0\\\" _module_preset=\\\"default\\\"][et_pb_column _builder_version=\\\"4.9.0\\\" _module_preset=\\\"default\\\" type=\\\"4_4\\\"][et_pb_image src=\\\"https:\/\/zsswitnica.pl\/zss\/wp-content\/uploads\/2024\/10\/pasek.jpg\\\" _builder_version=\\\"4.9.0\\\" _module_preset=\\\"default\\\" title_text=\\\"pasek\\\" force_fullwidth=\\\"on\\\" hover_enabled=\\\"0\\\" sticky_enabled=\\\"0\\\"][\/et_pb_image][\/et_pb_column][\/et_pb_row][et_pb_row _builder_version=\\\"4.9.0\\\" _module_preset=\\\"default\\\"][et_pb_column _builder_version=\\\"4.9.0\\\" _module_preset=\\\"default\\\" type=\\\"4_4\\\"][et_pb_text _builder_version=\\\"4.9.0\\\" _module_preset=\\\"default\\\" hover_enabled=\\\"0\\\" sticky_enabled=\\\"0\\\"]<p><!-- wp:paragraph --><\/p>\n<p>Projekt\u00a0\u201e<strong>Specjalista dla rynku pracy \u2013 efektywny system formalnego kszta\u0142cenia zawodowego\u201d<\/strong> realizowany jest przez Gmin\u0119 Witnica w okresie od 01.09.2024 roku do 30.09.2027 roku.<\/p>\n<p><!-- \/wp:paragraph --> <!-- wp:paragraph --><\/p>\n<p>&nbsp;<\/p>\n<p><!-- \/wp:paragraph --> <!-- wp:paragraph --><\/p>\n<p><strong>Warto\u015b\u0107 projektu: 2.100.000 PLN<\/strong><\/p>\n<p><!-- \/wp:paragraph --> <!-- wp:paragraph --><\/p>\n<p><strong>Wysoko\u015b\u0107 wk\u0142adu z Funduszy Europejskich: 1.785.000 PLN<\/strong><\/p>\n<p><!-- \/wp:paragraph --> <!-- wp:paragraph --><\/p>\n<p><strong>#FunduszeUE\u00a0\u00a0\u00a0\u00a0\u00a0\u00a0\u00a0\u00a0\u00a0\u00a0\u00a0\u00a0\u00a0\u00a0\u00a0\u00a0\u00a0 <\/strong><\/p>\n<p><!-- \/wp:paragraph --> <!-- wp:paragraph --><\/p>\n<p><strong>#FunduszeEuropejskie<\/strong><\/p>\n<p><!-- \/wp:paragraph --> <!-- wp:paragraph --><\/p>\n<p><strong>Projekt ma na celu:<\/strong><\/p>\n<p><!-- \/wp:paragraph --> <!-- wp:list --><\/p>\n<ul>\n<li>dostosowanie oferty edukacyjnej kszta\u0142cenia zawodowego w Zespole Szk\u00f3\u0142 Samorz\u0105dowych w Witnicy do potrzeb rynku pracy i na rzecz przep\u0142yw\u00f3w rynku pracy,<\/li>\n<li>zapewnienie warunk\u00f3w do prowadzenia wysokiej jako\u015bci kszta\u0142cenia zawodowego uczniom i nauczycielom Technikum i Bran\u017cowej Szko\u0142y I stopnia dzi\u0119ki dostosowaniu infrastruktury dydaktycznej i doposa\u017ceniu szkolnych pracowni nauki zawod\u00f3w w sprz\u0119t i materia\u0142y dydaktyczne,<\/li>\n<li>stworzenie uczniom i nauczycielom w\/w szk\u00f3\u0142 mo\u017cliwo\u015bci podniesienia poziomu wiedzy i nabycia kompetencji\/kwalifikacji poprzez uczestnictwo w doradztwie zawodowym, kursach\/szkoleniach, wizytach studyjnych, sta\u017cach uczniowskich.<\/li>\n<\/ul>\n<p><!-- \/wp:list --> <!-- wp:paragraph --><\/p>\n<p><strong>Grupy docelowe:<\/strong><\/p>\n<p><!-- \/wp:paragraph --> <!-- wp:paragraph --><\/p>\n<p>Wsparciem obj\u0119tych zostanie min. 278 uczni\u00f3w, w tym min. 2 os. niepe\u0142nosprawne lub osoby o specjalnych potrzebach edukacyjnych, min. 6 nauczycieli praktycznej nauki zawodu, min. 10 os. obcego pochodzenia z Technikum oraz Bran\u017cowej Szko\u0142y I stopnia z Zespo\u0142u Szk\u00f3\u0142 Samorz\u0105dowych w Witnicy.<\/p>\n<p><!-- \/wp:paragraph --> <!-- wp:paragraph --><\/p>\n<p><strong>W ramach projektu zaplanowano:<\/strong><\/p>\n<p><!-- \/wp:paragraph --> <!-- wp:paragraph --><\/p>\n<p><strong>INDYWIDUALNE DORADZTWO ZAWODOWE<\/strong>, kt\u00f3re ma za zadanie wyznaczenie realistycznych cel\u00f3w zawodowych ka\u017cdego ucznia i wytyczenie opartej na nich indywidualnej \u015bcie\u017cki rozwoju zawodowego, zmotywowanie ucznia do podj\u0119cia dzia\u0142a\u0144 zorientowanych na osi\u0105gni\u0119cie zaplanowanych cel\u00f3w zawodowych,<\/p>\n<p><!-- \/wp:paragraph --> <!-- wp:paragraph --><\/p>\n<p><strong>KURSY PODNOSZ\u0104CE KWALIFIKACJE I KOMPETENCJE UCZNI\u00d3W:<\/strong><\/p>\n<p><!-- \/wp:paragraph --> <!-- wp:list --><\/p>\n<ul>\n<li>Kurs operatora w\u00f3zka wid\u0142owego,<\/li>\n<li>Kurs elektryka z uprawnieniami do 1 kV (E-eksploatacja),<\/li>\n<li>Kurs obs\u0142ugi kasy fiskalnej,<\/li>\n<li>Kurs na prawo jazdy kat. B,<\/li>\n<li>Kurs spawania metod\u0105 MAG,<\/li>\n<li>Kurs programowania inteligentnych aplikacji,<\/li>\n<li>Kurs CISCO CCNA,<\/li>\n<li>Kurs ECDL\/ICDL PROFILE DIGCOMP: Arkusze kalkulacyjne (B4),<\/li>\n<li>Kurs bezpiecze\u0144stwa system\u00f3w,<\/li>\n<li>Kurs AI - Sztuczna inteligencja w biznesie.<\/li>\n<\/ul>\n<p><!-- \/wp:list --> <!-- wp:paragraph --><\/p>\n<p>Kursy wspieraj\u0105ce kompetencje cyfrowe uczni\u00f3w b\u0119d\u0105 realizowane z wykorzystaniem standardu kompetencji cyfrowych na podstawie ramy DigComp tj. ver. 2.2.<\/p>\n<p><!-- \/wp:paragraph --> <!-- wp:paragraph --><\/p>\n<p><strong>KURSY PODNOSZ\u0104CE KWALIFIKACJE I KOMPETENCJE NAUCZYCIELI:<\/strong><\/p>\n<p><!-- \/wp:paragraph --> <!-- wp:list --><\/p>\n<ul>\n<li>Szkolenie: MS-55371 Windows Server Administration,<\/li>\n<li>Szkolenie CISCO CCNA dla instruktor\u00f3w,<\/li>\n<li>Szkolenie z systemu RFID Navigator,<\/li>\n<li>Kurs AI - Sztuczna inteligencja w biznesie.<\/li>\n<\/ul>\n<p><!-- \/wp:list --> <!-- wp:paragraph --><\/p>\n<p><strong>STA\u017bE UCZNIOWSKIE <\/strong>w zawodach technik informatyk i technik logistyk, zgodnie z art. 121a Prawo o\u015bwiatowe.<\/p>\n<p><!-- \/wp:paragraph --> <!-- wp:paragraph --><\/p>\n<p><strong>\u00a0<\/strong><strong>WIZYTY STUDYJNE W PRZEDSI\u0118BIORSTWACH<\/strong>, kt\u00f3rych celem jest podniesienie kompetencji zawodowych uczni\u00f3w a tak\u017ce jako\u015bci i atrakcyjno\u015b\u0107 kszta\u0142cenia poprzez praktyczn\u0105 prezentacj\u0119 zakresu dzia\u0142alno\u015bci danej firmy, jej struktury organizacyjnej oraz proces\u00f3w technologicznych w niej zachodz\u0105cych; zaplanowano nast\u0119puj\u0105ce wizyty studyjne:<\/p>\n<p><!-- \/wp:paragraph --> <!-- wp:list --><\/p>\n<ul>\n<li>Port Lotniczy Pozna\u0144 - \u0141awica (Pozna\u0144),<\/li>\n<li>Fabryka Volkswagen Motor Polska Polska Sp. z o.o. (Polkowice),<\/li>\n<li>Terminal kontenerowy Gda\u0144sk + Port Lotniczy im. Lecha Wa\u0142\u0119sy (Gda\u0144sk),<\/li>\n<li>Centrum Dystrybucyjne Jeronimo Martins Polska S.A. (Gorz\u00f3w Wlkp.),<\/li>\n<li>\u015al\u0105skie Centrum Logistyki S.A. (Gliwice),<\/li>\n<li>Centrum Logistyczne E-Commerce (Ko\u0142baskowo),<\/li>\n<li>Port Lotniczy im. F. Chopina + Centrum Logistyczne InterCars + Centrum Logistyczne Amazon (Warszawa).<\/li>\n<\/ul>\n<p><!-- \/wp:list --> <!-- wp:paragraph --><\/p>\n<p><strong>DOPOSA\u017bENIE SZKOLNYCH PRACOWNI NAUKI ZAWODU<\/strong><strong> technik informatyk i technik logistyk w sprz\u0119t IT, oprogramowanie i materia\u0142y dydaktyczne<\/strong>, kt\u00f3re pozwol\u0105 uczniom Technikum nabywa\u0107 specjalistyczne umiej\u0119tno\u015bci w warunkach zbli\u017conych do warunk\u00f3w rzeczywistych w zak\u0142adach pracy, zwi\u0119ksz\u0105 atrakcyjno\u015b\u0107 i podnios\u0105 jako\u015b\u0107 kszta\u0142cenia; doposa\u017cone zostan\u0105: Pracownia urz\u0105dze\u0144 techniki komputerowej, Pracownia aplikacji internetowych i baz danych, Pracownia magazyn\u00f3w, Pracownia transportu.<\/p>\n<p><!-- \/wp:paragraph --> <!-- wp:paragraph --><\/p>\n<p><strong>ADAPTACJ\u0118 POMIESZCZE\u0143 SZKOLNYCH NA PRACOWNIE NAUKI ZAWOD\u00d3W ORAZ PRACOWNI\u0118 EGZAMINACYJN\u0104, <\/strong>w tym:<\/p>\n<p><!-- \/wp:paragraph --> <!-- wp:paragraph --><\/p>\n<p><strong>Przeprowadzenie prac remontowych i instalacyjnych<\/strong>:<\/p>\n<p><!-- \/wp:paragraph --> <!-- wp:paragraph --><\/p>\n<p>Etap 1: Adaptacja biblioteki szkolnej na potrzeby Pracowni aplikacji internetowych i baz danych,<\/p>\n<p><!-- \/wp:paragraph --> <!-- wp:paragraph --><\/p>\n<p>Etap 2: Adaptacja zaplecza biblioteki szkolnej na potrzeby utworzenia Pracowni egzaminacyjnej do przeprowadzenia cz\u0119\u015bci praktycznej egzamin\u00f3w z klasyfikacji INF 02 i INF 03,<\/p>\n<p><!-- \/wp:paragraph --> <!-- wp:paragraph --><\/p>\n<p>Etap 3: Adaptacja gabinetu historycznego na potrzeby utworzenia Pracowni transportu.<\/p>\n<p><!-- \/wp:paragraph --> <!-- wp:paragraph --><\/p>\n<p><strong>Zakup mebli<\/strong> do Pracowni aplikacji internetowych i baz danych oraz Pracowni transportu.<\/p>\n<p><!-- \/wp:paragraph --> <!-- wp:paragraph --><\/p>\n<p><strong>Zakup klimatyzator\u00f3w<\/strong> \u015bciennych do Pracowni aplikacji internetowych i baz danych, Pracowni egzaminacyjnej i Pracowni transportu.<\/p>\n<p><!-- \/wp:paragraph --> <!-- wp:paragraph --><\/p>\n<p><strong>Zakup rolet okiennych<\/strong> do Pracowni aplikacji internetowych i baz danych.<\/p>\n<p><!-- \/wp:paragraph --> <!-- wp:paragraph --><\/p>\n<p><strong>Efekty\/rezultaty Projektu:<\/strong><\/p>\n<p><!-- \/wp:paragraph --> <!-- wp:paragraph --><\/p>\n<p>G\u0142\u00f3wnymi rezultatami projektu b\u0119dzie zwi\u0119kszenie szans uczni\u00f3w na rynku pracy, wsparcie rozwoju lokalnej gospodarki poprzez kszta\u0142cenie kadr dla Miejskiego Obszaru Funkcjonalnego Gorzowa Wielkopolskiego, podniesienie jako\u015bci i efektywno\u015bci kszta\u0142cenia zawodowego.<\/p>\n<p><!-- \/wp:paragraph --> <!-- wp:paragraph --><\/p>\n<p><strong>W wyniku realizacji projektu osi\u0105gni\u0119te zostan\u0105 nast\u0119puj\u0105ce rezultaty:<\/strong><\/p>\n<p><!-- \/wp:paragraph --> <!-- wp:list --><\/p>\n<ul>\n<li>6 nauczycieli zawodu uzyska kwalifikacje<\/li>\n<li>126 uczni\u00f3w nab\u0119dzie kwalifikacje<\/li>\n<\/ul>\n<p><!-- \/wp:list --> <!-- wp:paragraph --><\/p>\n<p>Projekt realizowany jest w oparciu o Standardy dost\u0119pno\u015bci dla polityki sp\u00f3jno\u015bci 2021-2027 stanowi\u0105ce za\u0142\u0105cznik nr 2 do Wytycznych dotycz\u0105cych realizacji zasad r\u00f3wno\u015bciowych w ramach funduszy unijnych na lata 2021-2027.<\/p>\n<p><!-- \/wp:paragraph --> <!-- wp:paragraph --><\/p>\n<p>Ostateczni odbiorcy projektu maj\u0105 mo\u017cliwo\u015b\u0107 pisemnego zg\u0142aszania do Instytucji Zarz\u0105dzaj\u0105cej podejrzenia o niezgodno\u015bci Projektu lub dzia\u0142a\u0144 Beneficjenta upowa\u017cnionego do ponoszenia wydatk\u00f3w z Konwencj\u0105 o\u00a0prawach os\u00f3b niepe\u0142nosprawnych sporz\u0105dzon\u0105 w Nowym Jorku dnia 13 grudnia 2006 r. oraz Kart\u0105 Praw Podstawowych Unii Europejskiej z dnia 26 pa\u017adziernika 2012 r.<\/p>\n<p><!-- \/wp:paragraph --><\/p>[\/et_pb_text][\/et_pb_column][\/et_pb_row][\/et_pb_section]<\/div>\n<!-- \/wp:divi\/layout -->\n\n<!-- wp:divi\/layout -->\n<div class=\\\"wp-block-divi-layout\\\"><\/div>\n<!-- \/wp:divi\/layout -->","_et_gb_content_width":""},"_links":{"self":[{"href":"https:\/\/zsswitnica.pl\/zss\/wp-json\/wp\/v2\/pages\/3077"}],"collection":[{"href":"https:\/\/zsswitnica.pl\/zss\/wp-json\/wp\/v2\/pages"}],"about":[{"href":"https:\/\/zsswitnica.pl\/zss\/wp-json\/wp\/v2\/types\/page"}],"author":[{"embeddable":true,"href":"https:\/\/zsswitnica.pl\/zss\/wp-json\/wp\/v2\/users\/5"}],"replies":[{"embeddable":true,"href":"https:\/\/zsswitnica.pl\/zss\/wp-json\/wp\/v2\/comments?post=3077"}],"version-history":[{"count":15,"href":"https:\/\/zsswitnica.pl\/zss\/wp-json\/wp\/v2\/pages\/3077\/revisions"}],"predecessor-version":[{"id":3099,"href":"https:\/\/zsswitnica.pl\/zss\/wp-json\/wp\/v2\/pages\/3077\/revisions\/3099"}],"wp:attachment":[{"href":"https:\/\/zsswitnica.pl\/zss\/wp-json\/wp\/v2\/media?parent=3077"}],"curies":[{"name":"wp","href":"https:\/\/api.w.org\/{rel}","templated":true}]}}