{"id":2983,"date":"2024-10-12T06:54:29","date_gmt":"2024-10-12T04:54:29","guid":{"rendered":"https:\/\/zsswitnica.pl\/zss\/?page_id=2983"},"modified":"2026-02-03T15:50:36","modified_gmt":"2026-02-03T14:50:36","slug":"kurs-cisco-ccna","status":"publish","type":"page","link":"https:\/\/zsswitnica.pl\/zss\/kurs-cisco-ccna\/","title":{"rendered":"Kurs CISCO CCNA"},"content":{"rendered":"<p>[et_pb_section fb_built=&#8221;1&#8243; _builder_version=&#8221;4.9.0&#8243; _module_preset=&#8221;default&#8221;][et_pb_row _builder_version=&#8221;4.9.0&#8243; _module_preset=&#8221;default&#8221;][et_pb_column type=&#8221;4_4&#8243; _builder_version=&#8221;4.9.0&#8243; _module_preset=&#8221;default&#8221;][et_pb_image src=&#8221;https:\/\/zsswitnica.pl\/zss\/wp-content\/uploads\/2024\/10\/pasek.jpg&#8221; title_text=&#8221;pasek&#8221; _builder_version=&#8221;4.9.0&#8243; _module_preset=&#8221;default&#8221;][\/et_pb_image][\/et_pb_column][\/et_pb_row][et_pb_row _builder_version=&#8221;4.9.0&#8243; _module_preset=&#8221;default&#8221;][et_pb_column type=&#8221;4_4&#8243; _builder_version=&#8221;4.9.0&#8243; _module_preset=&#8221;default&#8221;][et_pb_text _builder_version=&#8221;4.9.0&#8243; _module_preset=&#8221;default&#8221; hover_enabled=&#8221;0&#8243; sticky_enabled=&#8221;0&#8243;]<\/p>\n<p>Kurs przeznaczony jest dla uczni\u00f3w kszta\u0142c\u0105cych si\u0119 w zawodzie technik informatyk.<br \/>\nIlo\u015b\u0107 os\u00f3b: min. 60 (5 grupy x min. 12 os\u00f3b)<br \/>\nCzas trwania kursu: 30 lekcyjnych<br \/>\nCelem kursu jest powt\u00f3rzenie wiedzy z zakresu sieci komputerowych i przygotowanie uczni\u00f3w do zdawania egzaminu certyfikacyjnego CISCO CCNA (Modu\u0142 1 i 2). Nabyte umiej\u0119tno\u015bci umo\u017cliwi\u0105 uczniowi rozpocz\u0119cie kariery w dowolnym obszarze sieci.<br \/>\nProgram kursu obejmuje m.in. takie zagadnienia jak:<br \/>\nCz\u0119\u015b\u0107 1 &#8211; Podstawy Sieci:<br \/>\n1. Architektura wsp\u00f3\u0142czesnych sieci.<br \/>\n2. Modele Sieci (ISO oraz TCP\/IP).<br \/>\n3. Protoko\u0142y TCP oraz UDP.<br \/>\n4. Adresacja IPv4 i IPv6.<br \/>\n5. Protok\u00f3\u0142 ICMP.<br \/>\n6. Arytmetyka binarna \u2013 podzia\u0142 sieci.<br \/>\n7. Protok\u00f3\u0142 Ethernet.<br \/>\n8. Rozwi\u0105zywanie adres\u00f3w (ARP i ND).<br \/>\n9. Okablowanie wsp\u00f3\u0142czesnych sieci.<br \/>\n10. Wprowadzenie do systemu IOS.<br \/>\n11. Podstawowa konfiguracja urz\u0105dze\u0144.<br \/>\nCz\u0119\u015b\u0107 2 &#8211; Routing, Switching i Sieci Bezprzewodowe:<br \/>\n1. Routing statyczny i dynamiczny.<br \/>\n2. Protok\u00f3\u0142 routingu RIPv2.<br \/>\n3. Protok\u00f3\u0142 routingu OSPF.<br \/>\n4. Routing IPv6 (protoko\u0142y RIPng oraz OSPFv3).<br \/>\n5. Redundancja bramy \u2013 protok\u00f3\u0142 HSRP.<br \/>\n6. Architektura i dzia\u0142anie sieci lokalnych.<br \/>\n7. VLANy \/ Routing mi\u0119dzy VLAN\u2019ami.<br \/>\n8. Redundancja w sieciach lokalnych.<br \/>\n9. Protok\u00f3\u0142 STP \/ Agregacja \u0142\u0105czy.<br \/>\n10. Protoko\u0142y DHCPv4 oraz DHCPv6.<br \/>\n11. Podstawy Sieci Bezprzewodowych (WiFi).<br \/>\nUprawnienia\/certyfikaty: ucze\u0144 otrzymuje za\u015bwiadczenie o uko\u0144czeniu szkolenia oraz certyfikat CISCO CCNA po zdaniu egzaminu z danego modu\u0142u. Uczniom bior\u0105cym udzia\u0142 w szkoleniu nale\u017cy zapewni\u0107: koszt przeprowadzenia kursu, ubezpieczenie NNW, materia\u0142y dla uczestnik\u00f3w.<\/p>\n<p>[\/et_pb_text][\/et_pb_column][\/et_pb_row][\/et_pb_section]<\/p>\n","protected":false},"excerpt":{"rendered":"<p>[et_pb_section fb_built=&#8221;1&#8243; _builder_version=&#8221;4.9.0&#8243; _module_preset=&#8221;default&#8221;][et_pb_row _builder_version=&#8221;4.9.0&#8243; _module_preset=&#8221;default&#8221;][et_pb_column type=&#8221;4_4&#8243; _builder_version=&#8221;4.9.0&#8243; _module_preset=&#8221;default&#8221;][et_pb_image src=&#8221;https:\/\/zsswitnica.pl\/zss\/wp-content\/uploads\/2024\/10\/pasek.jpg&#8221; title_text=&#8221;pasek&#8221; _builder_version=&#8221;4.9.0&#8243; _module_preset=&#8221;default&#8221;][\/et_pb_image][\/et_pb_column][\/et_pb_row][et_pb_row _builder_version=&#8221;4.9.0&#8243; _module_preset=&#8221;default&#8221;][et_pb_column type=&#8221;4_4&#8243; _builder_version=&#8221;4.9.0&#8243; _module_preset=&#8221;default&#8221;][et_pb_text _builder_version=&#8221;4.9.0&#8243; _module_preset=&#8221;default&#8221; hover_enabled=&#8221;0&#8243; sticky_enabled=&#8221;0&#8243;] Kurs przeznaczony jest dla uczni\u00f3w kszta\u0142c\u0105cych si\u0119 w zawodzie technik informatyk. Ilo\u015b\u0107 os\u00f3b: min. 60 (5 grupy x min. 12 os\u00f3b) Czas trwania kursu: 30 lekcyjnych Celem kursu jest powt\u00f3rzenie wiedzy z zakresu [&hellip;]<\/p>\n","protected":false},"author":5,"featured_media":0,"parent":0,"menu_order":0,"comment_status":"closed","ping_status":"closed","template":"","meta":{"_et_pb_use_builder":"on","_et_pb_old_content":"<!-- wp:divi\/layout -->\n<div class=\\\\\\\\\\\\\\\"wp-block-divi-layout\\\\\\\\\\\\\\\">[et_pb_section fb_built=\\\\\\\\\\\\\\\"1\\\\\\\\\\\\\\\" _builder_version=\\\\\\\\\\\\\\\"4.9.0\\\\\\\\\\\\\\\" _module_preset=\\\\\\\\\\\\\\\"default\\\\\\\\\\\\\\\"][et_pb_row _builder_version=\\\\\\\\\\\\\\\"4.9.0\\\\\\\\\\\\\\\" _module_preset=\\\\\\\\\\\\\\\"default\\\\\\\\\\\\\\\"][et_pb_column _builder_version=\\\\\\\\\\\\\\\"4.9.0\\\\\\\\\\\\\\\" _module_preset=\\\\\\\\\\\\\\\"default\\\\\\\\\\\\\\\" type=\\\\\\\\\\\\\\\"4_4\\\\\\\\\\\\\\\"][et_pb_text _builder_version=\\\\\\\\\\\\\\\"4.9.0\\\\\\\\\\\\\\\" _module_preset=\\\\\\\\\\\\\\\"default\\\\\\\\\\\\\\\" hover_enabled=\\\\\\\\\\\\\\\"0\\\\\\\\\\\\\\\" sticky_enabled=\\\\\\\\\\\\\\\"0\\\\\\\\\\\\\\\" custom_padding=\\\\\\\\\\\\\\\"||0px|||\\\\\\\\\\\\\\\"]<p>Kurs przeznaczony jest dla uczni\u00f3w kszta\u0142c\u0105cych si\u0119 w zawodzie technik informatyk.<br \/>Ilo\u015b\u0107 os\u00f3b: 4<br \/>Czas trwania kursu: min. 16 h lekcyjnych<br \/>Forma: zdalna<br \/>Terminy: I-III.2025<br \/>Celem kursu jest zapoznanie uczni\u00f3w z r\u00f3\u017cnorodnymi algorytmami sztucznej inteligencji i ich<br \/>zastosowaniem w biznesie. Uczniowie dowiedz\u0105 si\u0119 jakie korzy\u015bci mo\u017ce przynie\u015b\u0107 wykorzystanie AI<br \/>w r\u00f3\u017cnych obszarach dzia\u0142alno\u015bci firmowej, od automatyzacji proces\u00f3w po analiz\u0119 danych i<br \/>personalizacj\u0119 do\u015bwiadcze\u0144 klient\u00f3w. Uczniowie b\u0119d\u0105 eksperymentowa\u0107 z konkretnymi<br \/>przyk\u0142adami implementacji algorytm\u00f3w AI, co pozwoli im zrozumie\u0107, jak efektywnie wykorzysta\u0107 t\u0119<br \/>technologi\u0119 w swojej firmie.<br \/>Program kursu obejmuje m.in. takie zagadnienia jak:<br \/>1. Wst\u0119p do sztucznej inteligencji;<br \/>2. Generowanie tre\u015bci przy u\u017cyciu AI;<br \/>3. Generowanie grafik za pomoc\u0105 narz\u0119dzi AI;<br \/>4. Zastosowanie sztucznej inteligencji w biznesie;<br \/>5. Etyka i sztuczna inteligencja;<br \/>6. Analiza danych z wykorzystaniem AI;<br \/>7. Wnioski i praktyczne wskaz\u00f3wki dotycz\u0105ce AI;<br \/>8. Automatyzacja proces\u00f3w biznesowych.<br \/>Uprawnienia\/certyfikaty: certyfikat w j\u0119zyku polskim<\/p>[\/et_pb_text][\/et_pb_column][\/et_pb_row][\/et_pb_section]<\/div>\n<!-- \/wp:divi\/layout -->","_et_gb_content_width":""},"_links":{"self":[{"href":"https:\/\/zsswitnica.pl\/zss\/wp-json\/wp\/v2\/pages\/2983"}],"collection":[{"href":"https:\/\/zsswitnica.pl\/zss\/wp-json\/wp\/v2\/pages"}],"about":[{"href":"https:\/\/zsswitnica.pl\/zss\/wp-json\/wp\/v2\/types\/page"}],"author":[{"embeddable":true,"href":"https:\/\/zsswitnica.pl\/zss\/wp-json\/wp\/v2\/users\/5"}],"replies":[{"embeddable":true,"href":"https:\/\/zsswitnica.pl\/zss\/wp-json\/wp\/v2\/comments?post=2983"}],"version-history":[{"count":3,"href":"https:\/\/zsswitnica.pl\/zss\/wp-json\/wp\/v2\/pages\/2983\/revisions"}],"predecessor-version":[{"id":4161,"href":"https:\/\/zsswitnica.pl\/zss\/wp-json\/wp\/v2\/pages\/2983\/revisions\/4161"}],"wp:attachment":[{"href":"https:\/\/zsswitnica.pl\/zss\/wp-json\/wp\/v2\/media?parent=2983"}],"curies":[{"name":"wp","href":"https:\/\/api.w.org\/{rel}","templated":true}]}}